{"id":137,"date":"2024-03-02T00:06:25","date_gmt":"2024-03-01T23:06:25","guid":{"rendered":"https:\/\/ausbildung.schokopro.com\/?page_id=137"},"modified":"2024-03-08T13:46:13","modified_gmt":"2024-03-08T12:46:13","slug":"test","status":"publish","type":"page","link":"https:\/\/ausbildung.schokopro.com\/?page_id=137","title":{"rendered":"Test"},"content":{"rendered":"<p>[et_pb_section fb_built=&#8220;1&#8243; fullwidth=&#8220;on&#8220; _builder_version=&#8220;4.24.2&#8243; _module_preset=&#8220;default&#8220; background_color=&#8220;#183b64&#8243; da_disable_devices=&#8220;off|off|off&#8220; global_colors_info=&#8220;{}&#8220; da_is_popup=&#8220;off&#8220; da_exit_intent=&#8220;off&#8220; da_has_close=&#8220;on&#8220; da_alt_close=&#8220;off&#8220; da_dark_close=&#8220;off&#8220; da_not_modal=&#8220;on&#8220; da_is_singular=&#8220;off&#8220; da_with_loader=&#8220;off&#8220; da_has_shadow=&#8220;on&#8220;][et_pb_fullwidth_slider show_pagination=&#8220;off&#8220; arrows_custom_color=&#8220;#FFFFFF&#8220; dot_nav_custom_color=&#8220;RGBA(255,255,255,0)&#8220; _builder_version=&#8220;4.24.2&#8243; _module_preset=&#8220;default&#8220; header_level=&#8220;h1&#8243; header_text_align=&#8220;left&#8220; body_text_align=&#8220;left&#8220; background_color=&#8220;#183b64&#8243; custom_button=&#8220;on&#8220; button_text_size=&#8220;26px&#8220; button_text_color=&#8220;#FFFFFF&#8220; button_bg_color=&#8220;#0093D4&#8243; button_border_color=&#8220;RGBA(255,255,255,0)&#8220; button_border_radius=&#8220;0px&#8220; button_font=&#8220;Miso Regular Webfont|900|||||||&#8220; button_on_hover=&#8220;off&#8220; min_height=&#8220;100vh&#8220; custom_padding=&#8220;49px|||||&#8220; custom_css_free_form=&#8220;selector h1 {||  display: inline-block;||  float: left;||  padding: 10px 20px 10px 20px;||  margin-bottom: 40px;||  background-color: rgba(0,147,212,0.7);||  letter-spacing: normal;||}||||selector h2 {||  display: inline-block;||  padding: 10px 20px 10px 20px;||  margin-bottom: 40px;||  background-color: rgba(24,59,100,0.7);||  letter-spacing: normal;||}&#8220; box_shadow_style_button=&#8220;preset3&#8243; global_colors_info=&#8220;{}&#8220; custom_padding__hover_enabled=&#8220;off|desktop&#8220;][et_pb_slide heading=&#8220;Ausbildung bei schoko pro&#8220; button_text=&#8220;Lust auf mehr? Nimm Dir 2 Minuten Zeit&#8220; button_link=&#8220;@ET-DC@eyJkeW5hbWljIjp0cnVlLCJjb250ZW50IjoicG9zdF9saW5rX3VybF9wYWdlIiwic2V0dGluZ3MiOnsicG9zdF9pZCI6IjU4In19@&#8220; _builder_version=&#8220;4.24.2&#8243; _dynamic_attributes=&#8220;button_link&#8220; _module_preset=&#8220;default&#8220; background_color=&#8220;#183B64&#8243; background_enable_color=&#8220;on&#8220; background_image=&#8220;https:\/\/ausbildung.schokopro.com\/wp-content\/uploads\/2024\/03\/Homescreen_7.jpg&#8220; background_enable_image=&#8220;on&#8220; background_blend=&#8220;soft-light&#8220; background_enable_video_mp4=&#8220;off&#8220; header_font_size_tablet=&#8220;&#8220; header_font_size_phone=&#8220;30px&#8220; header_font_size_last_edited=&#8220;on|phone&#8220; global_colors_info=&#8220;{}&#8220; sticky_transition=&#8220;on&#8220;]<\/p>\n<h2>Wir lieben Veranstaltungen und sind immer auf der Suche nach Talenten, die unsere Leidenschaft teilen.<\/h2>\n<h2>Werde Teil unseres Teams und starte deine schoko-Karriere als Azubi.<\/h2>\n<p>&nbsp;<\/p>\n<p>[\/et_pb_slide][et_pb_slide heading=&#8220;Wir bilden aus: &#8220; button_text=&#8220;Lust auf mehr? Nimm Dir 2 Minuten Zeit&#8220; button_link=&#8220;@ET-DC@eyJkeW5hbWljIjp0cnVlLCJjb250ZW50IjoicG9zdF9saW5rX3VybF9wYWdlIiwic2V0dGluZ3MiOnsicG9zdF9pZCI6IjU4In19@&#8220; _builder_version=&#8220;4.24.2&#8243; _dynamic_attributes=&#8220;button_link&#8220; _module_preset=&#8220;default&#8220; background_color=&#8220;#183B64&#8243; background_enable_color=&#8220;on&#8220; background_image=&#8220;https:\/\/ausbildung.schokopro.com\/wp-content\/uploads\/2024\/03\/Homescreen_3.jpg&#8220; background_enable_image=&#8220;on&#8220; background_blend=&#8220;soft-light&#8220; background_enable_video_mp4=&#8220;off&#8220; header_font_size_tablet=&#8220;&#8220; header_font_size_phone=&#8220;30px&#8220; header_font_size_last_edited=&#8220;on|phone&#8220; global_colors_info=&#8220;{}&#8220; sticky_transition=&#8220;on&#8220;]<\/p>\n<h3><\/h3>\n<p>&nbsp;<\/p>\n<p>&nbsp;<\/p>\n<p>&nbsp;<\/p>\n<ul>\n<li data-leveltext=\"\u00b7\" data-font=\"Symbol\" data-listid=\"23\" data-list-defn-props=\"{&quot;335552541&quot;:1,&quot;335559684&quot;:-2,&quot;335559685&quot;:1440,&quot;335559991&quot;:360,&quot;469769226&quot;:&quot;Symbol&quot;,&quot;469769242&quot;:[8226],&quot;469777803&quot;:&quot;left&quot;,&quot;469777804&quot;:&quot;\u00b7&quot;,&quot;469777815&quot;:&quot;hybridMultilevel&quot;}\" aria-setsize=\"-1\" data-aria-posinset=\"1\" data-aria-level=\"1\">\n<h3><span data-contrast=\"none\">Veranstaltungskaufmann-\/frau (m\/w\/d)<\/span><span data-ccp-props=\"{&quot;335559685&quot;:700,&quot;335559737&quot;:-20,&quot;335559739&quot;:0}\">\u00a0<\/span><\/h3>\n<\/li>\n<li data-leveltext=\"\u00b7\" data-font=\"Symbol\" data-listid=\"23\" data-list-defn-props=\"{&quot;335552541&quot;:1,&quot;335559684&quot;:-2,&quot;335559685&quot;:1440,&quot;335559991&quot;:360,&quot;469769226&quot;:&quot;Symbol&quot;,&quot;469769242&quot;:[8226],&quot;469777803&quot;:&quot;left&quot;,&quot;469777804&quot;:&quot;\u00b7&quot;,&quot;469777815&quot;:&quot;hybridMultilevel&quot;}\" aria-setsize=\"-1\" data-aria-posinset=\"2\" data-aria-level=\"1\">\n<h3><span data-contrast=\"none\">Fachkraft f\u00fcr Lagerlogistik (m\/w\/d)<\/span><span data-ccp-props=\"{&quot;335559685&quot;:700,&quot;335559737&quot;:-20,&quot;335559739&quot;:0}\">\u00a0<\/span><\/h3>\n<\/li>\n<li data-leveltext=\"\u00b7\" data-font=\"Symbol\" data-listid=\"23\" data-list-defn-props=\"{&quot;335552541&quot;:1,&quot;335559684&quot;:-2,&quot;335559685&quot;:1440,&quot;335559991&quot;:360,&quot;469769226&quot;:&quot;Symbol&quot;,&quot;469769242&quot;:[8226],&quot;469777803&quot;:&quot;left&quot;,&quot;469777804&quot;:&quot;\u00b7&quot;,&quot;469777815&quot;:&quot;hybridMultilevel&quot;}\" aria-setsize=\"-1\" data-aria-posinset=\"3\" data-aria-level=\"1\">\n<h3><span data-contrast=\"none\">Fachkraft f\u00fcr Veranstaltungstechnik (m\/w\/d)<\/span><span data-ccp-props=\"{&quot;335559685&quot;:700,&quot;335559737&quot;:-20,&quot;335559739&quot;:0}\">\u00a0<\/span><\/h3>\n<\/li>\n<li data-leveltext=\"\u00b7\" data-font=\"Symbol\" data-listid=\"23\" data-list-defn-props=\"{&quot;335552541&quot;:1,&quot;335559684&quot;:-2,&quot;335559685&quot;:1440,&quot;335559991&quot;:360,&quot;469769226&quot;:&quot;Symbol&quot;,&quot;469769242&quot;:[8226],&quot;469777803&quot;:&quot;left&quot;,&quot;469777804&quot;:&quot;\u00b7&quot;,&quot;469777815&quot;:&quot;hybridMultilevel&quot;}\" aria-setsize=\"-1\" data-aria-posinset=\"4\" data-aria-level=\"1\">\n<h3><span data-contrast=\"none\">Fachinformatiker\/-in Anwendungsentwicklung (m\/w\/d)<\/span><span data-ccp-props=\"{&quot;335559685&quot;:700,&quot;335559737&quot;:-20,&quot;335559739&quot;:0}\">\u00a0<\/span><\/h3>\n<\/li>\n<li data-leveltext=\"\u00b7\" data-font=\"Symbol\" data-listid=\"23\" data-list-defn-props=\"{&quot;335552541&quot;:1,&quot;335559684&quot;:-2,&quot;335559685&quot;:1440,&quot;335559991&quot;:360,&quot;469769226&quot;:&quot;Symbol&quot;,&quot;469769242&quot;:[8226],&quot;469777803&quot;:&quot;left&quot;,&quot;469777804&quot;:&quot;\u00b7&quot;,&quot;469777815&quot;:&quot;hybridMultilevel&quot;}\" aria-setsize=\"-1\" data-aria-posinset=\"5\" data-aria-level=\"1\">\n<h3><span data-contrast=\"none\">Fachinformatiker\/-in Systemintegration (m\/w\/d)<\/span><span data-ccp-props=\"{&quot;335559685&quot;:700,&quot;335559737&quot;:-20,&quot;335559739&quot;:0}\">\u00a0<\/span><\/h3>\n<\/li>\n<\/ul>\n<h3><span data-ccp-props=\"{}\">\u00a0<\/span><\/h3>\n<p>[\/et_pb_slide][et_pb_slide heading=&#8220;Wir bieten dir: &#8220; button_text=&#8220;Lust auf mehr? Nimm Dir 2 Minuten Zeit&#8220; button_link=&#8220;@ET-DC@eyJkeW5hbWljIjp0cnVlLCJjb250ZW50IjoicG9zdF9saW5rX3VybF9wYWdlIiwic2V0dGluZ3MiOnsicG9zdF9pZCI6IjU4In19@&#8220; _builder_version=&#8220;4.24.2&#8243; _dynamic_attributes=&#8220;button_link&#8220; _module_preset=&#8220;default&#8220; background_color=&#8220;#183B64&#8243; background_enable_color=&#8220;on&#8220; background_image=&#8220;https:\/\/ausbildung.schokopro.com\/wp-content\/uploads\/2024\/03\/Homescreen_6.jpg&#8220; background_enable_image=&#8220;on&#8220; background_blend=&#8220;soft-light&#8220; background_enable_video_mp4=&#8220;off&#8220; header_font_size_tablet=&#8220;&#8220; header_font_size_phone=&#8220;30px&#8220; header_font_size_last_edited=&#8220;on|phone&#8220; global_colors_info=&#8220;{}&#8220; sticky_transition=&#8220;on&#8220;]<\/p>\n<p>&nbsp;<\/p>\n<p>&nbsp;<\/p>\n<p><span data-contrast=\"none\"><\/span><\/p>\n<p><span data-contrast=\"none\"><\/span><\/p>\n<p><span data-contrast=\"none\"><\/span><\/p>\n<p>&nbsp;<\/p>\n<ul>\n<li data-leveltext=\"\u00b7\" data-font=\"Symbol\" data-listid=\"18\" data-list-defn-props=\"{&quot;335552541&quot;:1,&quot;335559684&quot;:-2,&quot;335559685&quot;:1440,&quot;335559991&quot;:360,&quot;469769226&quot;:&quot;Symbol&quot;,&quot;469769242&quot;:[8226],&quot;469777803&quot;:&quot;left&quot;,&quot;469777804&quot;:&quot;\u00b7&quot;,&quot;469777815&quot;:&quot;hybridMultilevel&quot;}\" aria-setsize=\"-1\" data-aria-posinset=\"6\" data-aria-level=\"1\">\n<h3><span data-contrast=\"none\">Eine Ausbildung, die dich individuell f\u00f6rdert, antreibt und Spa\u00df macht.<\/span><span data-ccp-props=\"{&quot;335559685&quot;:700,&quot;335559737&quot;:-20,&quot;335559739&quot;:0}\">\u00a0<\/span><\/h3>\n<\/li>\n<li data-leveltext=\"\u00b7\" data-font=\"Symbol\" data-listid=\"18\" data-list-defn-props=\"{&quot;335552541&quot;:1,&quot;335559684&quot;:-2,&quot;335559685&quot;:1440,&quot;335559991&quot;:360,&quot;469769226&quot;:&quot;Symbol&quot;,&quot;469769242&quot;:[8226],&quot;469777803&quot;:&quot;left&quot;,&quot;469777804&quot;:&quot;\u00b7&quot;,&quot;469777815&quot;:&quot;hybridMultilevel&quot;}\" aria-setsize=\"-1\" data-aria-posinset=\"7\" data-aria-level=\"1\">\n<h3><span data-contrast=\"none\">Unser Wissen von A wie Ampere bis Z wie Zielgruppe teilen wir gerne.<\/span><span data-ccp-props=\"{&quot;335559685&quot;:700,&quot;335559737&quot;:-20,&quot;335559739&quot;:0}\">\u00a0<\/span><\/h3>\n<\/li>\n<li data-leveltext=\"\u00b7\" data-font=\"Symbol\" data-listid=\"18\" data-list-defn-props=\"{&quot;335552541&quot;:1,&quot;335559684&quot;:-2,&quot;335559685&quot;:1440,&quot;335559991&quot;:360,&quot;469769226&quot;:&quot;Symbol&quot;,&quot;469769242&quot;:[8226],&quot;469777803&quot;:&quot;left&quot;,&quot;469777804&quot;:&quot;\u00b7&quot;,&quot;469777815&quot;:&quot;hybridMultilevel&quot;}\" aria-setsize=\"-1\" data-aria-posinset=\"8\" data-aria-level=\"1\">\n<h3><span data-contrast=\"none\">Mit dir wollen wir auch morgen versprechen k\u00f6nnen, was wir heute leisten.<\/span><span data-ccp-props=\"{&quot;335559685&quot;:700,&quot;335559737&quot;:-20,&quot;335559739&quot;:0}\">\u00a0<\/span><\/h3>\n<\/li>\n<\/ul>\n<h3><span data-contrast=\"auto\">Wir freuen uns, wenn du<\/span><span data-ccp-props=\"{&quot;201341983&quot;:0,&quot;335559685&quot;:-20,&quot;335559737&quot;:-20,&quot;335559740&quot;:257}\">\u00a0<\/span><\/h3>\n<ul>\n<li data-leveltext=\"\u00b7\" data-font=\"Symbol\" data-listid=\"18\" data-list-defn-props=\"{&quot;335552541&quot;:1,&quot;335559684&quot;:-2,&quot;335559685&quot;:1440,&quot;335559991&quot;:360,&quot;469769226&quot;:&quot;Symbol&quot;,&quot;469769242&quot;:[8226],&quot;469777803&quot;:&quot;left&quot;,&quot;469777804&quot;:&quot;\u00b7&quot;,&quot;469777815&quot;:&quot;hybridMultilevel&quot;}\" aria-setsize=\"-1\" data-aria-posinset=\"9\" data-aria-level=\"1\">\n<h3><span data-contrast=\"none\">An der Veranstaltungsbranche interessiert bist.<\/span><span data-ccp-props=\"{&quot;335559685&quot;:700,&quot;335559737&quot;:-20,&quot;335559739&quot;:0}\">\u00a0<\/span><\/h3>\n<\/li>\n<li data-leveltext=\"\u00b7\" data-font=\"Symbol\" data-listid=\"18\" data-list-defn-props=\"{&quot;335552541&quot;:1,&quot;335559684&quot;:-2,&quot;335559685&quot;:1440,&quot;335559991&quot;:360,&quot;469769226&quot;:&quot;Symbol&quot;,&quot;469769242&quot;:[8226],&quot;469777803&quot;:&quot;left&quot;,&quot;469777804&quot;:&quot;\u00b7&quot;,&quot;469777815&quot;:&quot;hybridMultilevel&quot;}\" aria-setsize=\"-1\" data-aria-posinset=\"10\" data-aria-level=\"1\">\n<h3><span data-contrast=\"none\">Leidenschaft und Enthusiasmus zeigst.<\/span><span data-ccp-props=\"{&quot;335559685&quot;:700,&quot;335559737&quot;:-20,&quot;335559739&quot;:0}\">\u00a0<\/span><\/h3>\n<\/li>\n<li data-leveltext=\"\u00b7\" data-font=\"Symbol\" data-listid=\"18\" data-list-defn-props=\"{&quot;335552541&quot;:1,&quot;335559684&quot;:-2,&quot;335559685&quot;:1440,&quot;335559991&quot;:360,&quot;469769226&quot;:&quot;Symbol&quot;,&quot;469769242&quot;:[8226],&quot;469777803&quot;:&quot;left&quot;,&quot;469777804&quot;:&quot;\u00b7&quot;,&quot;469777815&quot;:&quot;hybridMultilevel&quot;}\" aria-setsize=\"-1\" data-aria-posinset=\"11\" data-aria-level=\"1\">\n<h3><span data-contrast=\"none\">Aufgeschlossenheit und Verantwortungsbewusstsein mitbringst.<\/span><span data-ccp-props=\"{&quot;335559685&quot;:700,&quot;335559737&quot;:-20,&quot;335559739&quot;:0}\">\u00a0<\/span><\/h3>\n<\/li>\n<\/ul>\n<p>[\/et_pb_slide][\/et_pb_fullwidth_slider][\/et_pb_section][et_pb_section fb_built=&#8220;1&#8243; _builder_version=&#8220;4.24.2&#8243; _module_preset=&#8220;default&#8220; max_height=&#8220;0px&#8220; custom_margin=&#8220;0px|0px|0px|0px|true|true&#8220; custom_padding=&#8220;0px|0px|0px|0px|true|true&#8220; da_disable_devices=&#8220;off|off|off&#8220; global_colors_info=&#8220;{}&#8220; da_is_popup=&#8220;off&#8220; da_exit_intent=&#8220;off&#8220; da_has_close=&#8220;on&#8220; da_alt_close=&#8220;off&#8220; da_dark_close=&#8220;off&#8220; da_not_modal=&#8220;on&#8220; da_is_singular=&#8220;off&#8220; da_with_loader=&#8220;off&#8220; da_has_shadow=&#8220;on&#8220;][et_pb_row column_structure=&#8220;1_3,1_3,1_3&#8243; _builder_version=&#8220;4.24.2&#8243; _module_preset=&#8220;default&#8220; background_color=&#8220;rgba(255,255,255,0.8)&#8220; vertical_offset=&#8220;-225px&#8220; vertical_offset_tablet=&#8220;-170px&#8220; vertical_offset_phone=&#8220;0px&#8220; vertical_offset_last_edited=&#8220;on|phone&#8220; custom_margin=&#8220;10px||10px||true|false&#8220; custom_margin_tablet=&#8220;10px||10px||true|false&#8220; custom_margin_phone=&#8220;10px|auto|50px|auto|false|false&#8220; custom_margin_last_edited=&#8220;on|phone&#8220; custom_padding=&#8220;10px|0px|5px|0px|false|true&#8220; global_colors_info=&#8220;{}&#8220;][et_pb_column type=&#8220;1_3&#8243; _builder_version=&#8220;4.24.2&#8243; _module_preset=&#8220;default&#8220; global_colors_info=&#8220;{}&#8220;][et_pb_number_counter title=&#8220;GROSSARTIGE MENSCHEN&#8220; number=&#8220;90+&#8220; percent_sign=&#8220;off&#8220; _builder_version=&#8220;4.24.2&#8243; _module_preset=&#8220;default&#8220; title_level=&#8220;h2&#8243; title_font=&#8220;Miso Regular Webfont||||||||&#8220; title_text_color=&#8220;#183B64&#8243; number_font=&#8220;Miso Regular Webfont|700|||||||&#8220; number_line_height=&#8220;100px&#8220; global_colors_info=&#8220;{}&#8220;][\/et_pb_number_counter][\/et_pb_column][et_pb_column type=&#8220;1_3&#8243; _builder_version=&#8220;4.24.2&#8243; _module_preset=&#8220;default&#8220; global_colors_info=&#8220;{}&#8220;][et_pb_number_counter title=&#8220;AUSZUBILDENDE&#8220; number=&#8220;15+&#8220; percent_sign=&#8220;off&#8220; _builder_version=&#8220;4.24.2&#8243; _module_preset=&#8220;default&#8220; title_level=&#8220;h2&#8243; title_font=&#8220;Miso Regular Webfont||||||||&#8220; title_text_color=&#8220;#183B64&#8243; number_font=&#8220;Miso Regular Webfont|700|||||||&#8220; number_line_height=&#8220;100px&#8220; global_colors_info=&#8220;{}&#8220;][\/et_pb_number_counter][\/et_pb_column][et_pb_column type=&#8220;1_3&#8243; _builder_version=&#8220;4.24.2&#8243; _module_preset=&#8220;default&#8220; global_colors_info=&#8220;{}&#8220;][et_pb_text _builder_version=&#8220;4.24.2&#8243; _module_preset=&#8220;default&#8220; header_text_color=&#8220;#0093D4&#8243; header_font_size=&#8220;72px&#8220; header_2_text_color=&#8220;#183B64&#8243; custom_padding=&#8220;10px||||false|false&#8220; animation_style=&#8220;bounce&#8220; animation_delay=&#8220;500ms&#8220; global_colors_info=&#8220;{}&#8220;]<\/p>\n<h1 style=\"text-align: center;\">=1<\/h1>\n<h2 style=\"text-align: center;\">TOLLES TEAM<\/h2>\n<p>[\/et_pb_text][\/et_pb_column][\/et_pb_row][\/et_pb_section][et_pb_section fb_built=&#8220;1&#8243; admin_label=&#8220;Popup &#8211; #imprint&#8220; module_id=&#8220;imprint&#8220; module_class=&#8220;popup&#8220; _builder_version=&#8220;4.24.2&#8243; _module_preset=&#8220;default&#8220; da_is_popup=&#8220;on&#8220; da_popup_slug=&#8220;imprint&#8220; da_disable_devices=&#8220;off|off|off&#8220; global_colors_info=&#8220;{}&#8220; da_exit_intent=&#8220;off&#8220; da_has_close=&#8220;on&#8220; da_alt_close=&#8220;off&#8220; da_dark_close=&#8220;off&#8220; da_not_modal=&#8220;on&#8220; da_is_singular=&#8220;off&#8220; da_with_loader=&#8220;off&#8220; da_has_shadow=&#8220;on&#8220;][et_pb_row column_structure=&#8220;1_2,1_2&#8243; _builder_version=&#8220;4.24.2&#8243; _module_preset=&#8220;default&#8220; global_colors_info=&#8220;{}&#8220;][et_pb_column type=&#8220;1_2&#8243; _builder_version=&#8220;4.24.2&#8243; _module_preset=&#8220;default&#8220; global_colors_info=&#8220;{}&#8220;][et_pb_text _builder_version=&#8220;4.24.2&#8243; _module_preset=&#8220;default&#8220; global_colors_info=&#8220;{}&#8220;]<\/p>\n<div class=\"module text bg--white\">\n<div class=\"inner\">\n<h3><span class=\"color--primary\">Dienstanbieter dieser Website ist<\/span><\/h3>\n<h4><strong>schoko pro GmbH<\/strong><\/h4>\n<p>Hauptsitz Wiesbaden<br \/>Alte Schmelze 10<br \/>D-65201 Wiesbaden<\/p>\n<p>Fon: +49 (0) 611 18579 \u2013 0<br \/>Fax: +49 (0) 611 18579 \u2013 99<\/p>\n<p>Niederlassung Berlin<br \/>Stresemannstra\u00dfe 123<br \/>D-10963 Berlin<\/p>\n<p>Mail: info@schokopro.com<br \/>Internet: <span style=\"color: #333399;\"><a href=\"http:\/\/www.schokopro.com\" style=\"color: #333399;\">www.schokopro.com<\/a><\/span><\/p>\n<h4><\/h4>\n<h4>Inhaltlich Verantwortlicher gem\u00e4\u00df \u00a7 6 MDStV:<\/h4>\n<p>Joachim Bruchh\u00e4user<br \/>Handelsregister des Amtsgerichts Wiesbaden HR\/B 12252, USt-ID: DE813123354<br \/>Vertreten durch den Gesch\u00e4ftsf\u00fchrer Joachim Bruchh\u00e4user,<br \/>gesch\u00e4ftsans\u00e4ssig unter der vorgenannten (Hauptsitz) Anschrift.<\/p>\n<p>&nbsp;<\/p>\n<h4>Corporate Social Responsibility (CSR)<\/h4>\n<\/div>\n<\/div>\n<div class=\"module text bg--white\">\n<div class=\"inner\">\n<p>schoko pro als Event Company steht zu ihrer Verantwortung in den Bereichen Menschenrechte, Arbeit, Umwelt und Korruptionsbek\u00e4mpfung. Dies ber\u00fccksichtigen wir in unserem t\u00e4glichen Handeln auf Grundlage der 10 Prinzipien der United Nations Global Compact (UNGC).<\/p>\n<p>&nbsp;<\/p>\n<p>&nbsp;<\/p>\n<\/div>\n<\/div>\n<p>[\/et_pb_text][\/et_pb_column][et_pb_column type=&#8220;1_2&#8243; _builder_version=&#8220;4.24.2&#8243; _module_preset=&#8220;default&#8220; global_colors_info=&#8220;{}&#8220;][et_pb_text _builder_version=&#8220;4.24.2&#8243; _module_preset=&#8220;default&#8220; global_colors_info=&#8220;{}&#8220;]<\/p>\n<h2><span class=\"color--primary\">Haftungsausschluss<\/span><\/h2>\n<h4><strong>Haftung f\u00fcr Inhalte<\/strong><\/h4>\n<p>Die Inhalte unserer Seiten wurden mit gr\u00f6\u00dfter Sorgfalt erstellt. F\u00fcr die Richtigkeit, Vollst\u00e4ndigkeit und Aktualit\u00e4t der Inhalte k\u00f6nnen wir jedoch keine Gew\u00e4hr \u00fcbernehmen. Als Diensteanbieter sind wir gem\u00e4\u00df \u00a7 7 Abs.1 TMG f\u00fcr eigene Inhalte auf diesen Seiten nach den allgemeinen Gesetzen verantwortlich. Nach \u00a7\u00a7 8 bis 10 TMG sind wir als Diensteanbieter jedoch nicht verpflichtet, \u00fcbermittelte oder gespeicherte fremde Informationen zu \u00fcberwachen oder nach Umst\u00e4nden zu forschen, die auf eine rechtswidrige T\u00e4tigkeit hinweisen. Verpflichtungen zur Entfernung oder Sperrung der Nutzung von Informationen nach den allgemeinen Gesetzen bleiben hiervon unber\u00fchrt. Eine diesbez\u00fcgliche Haftung ist jedoch erst ab dem Zeitpunkt der Kenntnis einer konkreten Rechtsverletzung m\u00f6glich. Bei Bekanntwerden von entsprechenden Rechtsverletzungen werden wir diese Inhalte umgehend entfernen.<\/p>\n<h4><strong>Urheberrecht<\/strong><\/h4>\n<p>Die durch die Seitenbetreiber erstellten Inhalte und Werke auf diesen Seiten unterliegen dem deutschen Urheberrecht. Die Vervielf\u00e4ltigung, Bearbeitung, Verbreitung und jede Art der Verwertung au\u00dferhalb der Grenzen des Urheberrechtes bed\u00fcrfen der schriftlichen Zustimmung des jeweiligen Autors bzw. Erstellers. Downloads und Kopien dieser Seite sind nur f\u00fcr den privaten, nicht kommerziellen Gebrauch gestattet. Soweit die Inhalte auf dieser Seite nicht vom Betreiber erstellt wurden, werden die Urheberrechte Dritter beachtet. Insbesondere werden Inhalte Dritter als solche gekennzeichnet. Sollten Sie trotzdem auf eine Urheberrechtsverletzung aufmerksam werden, bitten wir um einen entsprechenden Hinweis. Bei Bekanntwerden von Rechtsverletzungen werden wir derartige Inhalte umgehend entfernen.<\/p>\n<p>&nbsp;<\/p>\n<p>[\/et_pb_text][\/et_pb_column][\/et_pb_row][\/et_pb_section][et_pb_section fb_built=&#8220;1&#8243; _builder_version=&#8220;4.24.2&#8243; _module_preset=&#8220;default&#8220; background_color=&#8220;#183B64&#8243; background_blend=&#8220;soft-light&#8220; hover_enabled=&#8220;0&#8243; da_disable_devices=&#8220;off|off|off&#8220; global_colors_info=&#8220;{}&#8220; background_enable_image=&#8220;off&#8220; custom_padding=&#8220;0px||0px||true|false&#8220; custom_margin=&#8220;-1px||-1px||true|false&#8220; sticky_enabled=&#8220;0&#8243; da_is_popup=&#8220;off&#8220; da_exit_intent=&#8220;off&#8220; da_has_close=&#8220;on&#8220; da_alt_close=&#8220;off&#8220; da_dark_close=&#8220;off&#8220; da_not_modal=&#8220;on&#8220; da_is_singular=&#8220;off&#8220; da_with_loader=&#8220;off&#8220; da_has_shadow=&#8220;on&#8220;][et_pb_row _builder_version=&#8220;4.24.2&#8243; _module_preset=&#8220;default&#8220; global_colors_info=&#8220;{}&#8220;][et_pb_column type=&#8220;4_4&#8243; _builder_version=&#8220;4.24.2&#8243; _module_preset=&#8220;default&#8220; global_colors_info=&#8220;{}&#8220;][et_pb_text _builder_version=&#8220;4.24.2&#8243; _module_preset=&#8220;default&#8220; background_enable_video_mp4=&#8220;off&#8220; custom_margin=&#8220;||1px|||&#8220; hover_enabled=&#8220;0&#8243; global_colors_info=&#8220;{}&#8220; text_text_color=&#8220;#FFFFFF&#8220; header_2_text_color=&#8220;#FFFFFF&#8220; sticky_enabled=&#8220;0&#8243;]<\/p>\n<h2 style=\"text-align: center;\">MEHR \u00dcBER UNS:<\/h2>\n<p>[\/et_pb_text][et_pb_button button_url=&#8220;https:\/\/www.schokopro.com\/&#8220; url_new_window=&#8220;on&#8220; button_text=&#8220;WWW.SCHOKOPRO.COM&#8220; button_alignment=&#8220;center&#8220; _builder_version=&#8220;4.24.2&#8243; _module_preset=&#8220;default&#8220; global_colors_info=&#8220;{}&#8220;][\/et_pb_button][\/et_pb_column][\/et_pb_row][\/et_pb_section]<\/p>\n","protected":false},"excerpt":{"rendered":"<p>Wir lieben Veranstaltungen und sind immer auf der Suche nach Talenten, die unsere Leidenschaft teilen. Werde Teil unseres Teams und starte deine schoko-Karriere als Azubi. &nbsp; &nbsp; &nbsp; &nbsp; Veranstaltungskaufmann-\/frau (m\/w\/d)\u00a0 Fachkraft f\u00fcr Lagerlogistik (m\/w\/d)\u00a0 Fachkraft f\u00fcr Veranstaltungstechnik (m\/w\/d)\u00a0 Fachinformatiker\/-in Anwendungsentwicklung (m\/w\/d)\u00a0 Fachinformatiker\/-in Systemintegration (m\/w\/d)\u00a0 \u00a0&nbsp; &nbsp; &nbsp; Eine Ausbildung, die dich individuell f\u00f6rdert, antreibt [&hellip;]<\/p>\n","protected":false},"author":2,"featured_media":0,"parent":0,"menu_order":0,"comment_status":"closed","ping_status":"closed","template":"","meta":{"_et_pb_use_builder":"on","_et_pb_old_content":"<!-- wp:paragraph -->\n<p>[wpforms id=\"11\"]<\/p>\n<!-- \/wp:paragraph -->\n\n<!-- wp:paragraph -->\n<p><\/p>\n<!-- \/wp:paragraph -->","_et_gb_content_width":"","inline_featured_image":false,"footnotes":""},"class_list":["post-137","page","type-page","status-publish","hentry"],"_links":{"self":[{"href":"https:\/\/ausbildung.schokopro.com\/index.php?rest_route=\/wp\/v2\/pages\/137","targetHints":{"allow":["GET"]}}],"collection":[{"href":"https:\/\/ausbildung.schokopro.com\/index.php?rest_route=\/wp\/v2\/pages"}],"about":[{"href":"https:\/\/ausbildung.schokopro.com\/index.php?rest_route=\/wp\/v2\/types\/page"}],"author":[{"embeddable":true,"href":"https:\/\/ausbildung.schokopro.com\/index.php?rest_route=\/wp\/v2\/users\/2"}],"replies":[{"embeddable":true,"href":"https:\/\/ausbildung.schokopro.com\/index.php?rest_route=%2Fwp%2Fv2%2Fcomments&post=137"}],"version-history":[{"count":8,"href":"https:\/\/ausbildung.schokopro.com\/index.php?rest_route=\/wp\/v2\/pages\/137\/revisions"}],"predecessor-version":[{"id":322,"href":"https:\/\/ausbildung.schokopro.com\/index.php?rest_route=\/wp\/v2\/pages\/137\/revisions\/322"}],"wp:attachment":[{"href":"https:\/\/ausbildung.schokopro.com\/index.php?rest_route=%2Fwp%2Fv2%2Fmedia&parent=137"}],"curies":[{"name":"wp","href":"https:\/\/api.w.org\/{rel}","templated":true}]}}